d 482.
241
Calculate the highest common factor of 211 and 275777.
211
Calculate the highest common factor of 76 and 78014.
38
What is the greatest common divisor of 2 and 211121?
1
What is the highest common divisor of 2943 and 30?
3
Calculate the highest common factor of 4472 and 344903.
559
Calculate the greatest common factor of 972 and 1107.
27
What is the greatest common divisor of 67596 and 156?
12
What is the highest common divisor of 5917 and 5246?
61
What is the highest common factor of 358 and 326317?
179
What is the highest common factor of 98512 and 16?
16
Calculate the highest common divisor of 16750 and 910.
10
Calculate the highest common divisor of 94959 and 621.
27
What is the highest common divisor of 462186 and 2430?
486
Calculate the highest common divisor of 170 and 40.
10
Calculate the greatest common divisor of 85840 and 370.
370
Calculate the greatest common divisor of 314306 and 164.
82
Calculate the greatest common factor of 2136498 and 2795.
559
Calculate the greatest common divisor of 1034 and 751530.
94
Calculate the highest common divisor of 2619 and 1940.
97
Calculate the highest common factor of 88 and 6474952.
88
Calculate the greatest common factor of 317820 and 12.
12
What is the greatest common factor of 339 and 3111?
3
What is the highest common factor of 68 and 5089018?
34
Calculate the greatest common factor of 104 and 1448.
8
Calculate the highest common factor of 145119 and 156.
39
What is the highest common divisor of 65 and 3205?
5
What is the greatest common divisor of 30388 and 1136?
284
What is the greatest common factor of 45 and 60105?
15
Calculate the greatest common factor of 252 and 12320.
28
Calculate the greatest common divisor of 24061 and 1.
1
Calculate the highest common factor of 155 and 159805.
155
Calculate the highest common divisor of 17806 and 186656.
614
What is the highest common divisor of 86 and 278?
2
What is the highest common factor of 64444 and 4?
4
What is the greatest common divisor of 72 and 204264?
72
Calculate the greatest common factor of 12375 and 2728.
11
Calculate the highest common divisor of 10092 and 11136.
348
What is the highest common divisor of 1218 and 861?
21
What is the highest common divisor of 3140 and 15229?
157
What is the highest common factor of 2576 and 14672?
112
What is the highest common divisor of 158 and 92?
2
What is the highest common divisor of 1526478 and 6?
6
Calculate the highest common divisor of 1528 and 825502.
382
What is the highest common divisor of 1202253 and 117?
39
What is the highest common divisor of 3312 and 117?
9
What is the highest common factor of 103508 and 28?
4
Calculate the greatest common factor of 1275 and 1173.
51
What is the greatest common divisor of 60 and 54885?
15
Calculate the greatest common factor of 12225 and 8475.
75
Calculate the greatest common factor of 88693 and 733.
733
Calculate the greatest common factor of 50 and 840925.
25
What is the highest common divisor of 8470 and 5362?
14
Calculate the highest common factor of 3980 and 193627.
199
Calculate the greatest common divisor of 10526290 and 10.
10
What is the greatest common divisor of 121 and 2268607?
11
What is the greatest common divisor of 1281 and 12721611?
1281
Calculate the greatest common divisor of 5936 and 840.
56
Calculate the highest common factor of 1863 and 4761.
207
Calculate the greatest common factor of 781 and 297.
11
Calculate the highest common factor of 130 and 54660.
10
Calculate the highest common factor of 833435 and 31.
31
What is the highest common divisor of 976 and 26920?
8
Calculate the greatest common divisor of 3894 and 97704.
354
Calculate the highest common factor of 752682 and 21.
21
What is the greatest common divisor of 37281 and 243?
3
Calculate the highest common factor of 2169 and 450.
9
What is the highest common divisor of 14 and 25590?
2
Calculate the greatest common factor of 40103 and 357.
119
Calculate the greatest common divisor of 6131049 and 183.
183
Calculate the highest common factor of 287 and 21.
7
What is the highest common divisor of 1827 and 3219?
87
What is the highest common divisor of 1113 and 150626?
371
Calculate the greatest common divisor of 1464 and 148413.
183
What is the highest common factor of 55418 and 242?
242
What is the greatest common factor of 3196 and 116372?
188
Calculate the greatest common factor of 44288 and 1792.
256
Calculate the greatest common divisor of 1935 and 23435.
215
What is the highest common factor of 128050 and 3250?
650
What is the greatest common factor of 5270 and 6634?
62
What is the highest common factor of 130648 and 224?
56
What is the greatest common factor of 162 and 82548?
18
What is the greatest common factor of 100904 and 72?
8
What is the highest common factor of 27 and 184329?
27
What is the highest common divisor of 37380 and 936?
12
Calculate the highest common divisor of 1686807 and 36.
9
Calculate the greatest common factor of 17674 and 6.
2
Calculate the greatest common factor of 5 and 49505.
5
Calculate the greatest common factor of 625968 and 1449.
1449
What is the greatest common factor of 54 and 298356?
6
What is the greatest common divisor of 8876 and 812?
28
Calculate the highest common divisor of 190 and 10982.
38
What is the greatest common factor of 385992 and 864?
216
What is the highest common factor of 108720 and 816?
48
Calculate the greatest common divisor of 4381 and 377.
13
Calculate the greatest common factor of 5340 and 105.
15
What is the greatest common divisor of 2025 and 29775?
75
Calculate the greatest common divisor of 187590 and 888.
222
Calculate the greatest common factor of 2755 and 6148.
29
What is the greatest common divisor of 2560 and 450?
10
What is the highest common factor of 35 and 241409?
7
What is the highest common factor of 458355 and 165?
15
What is the greatest common factor of 4251 and 57369?
39
Calculate the greatest common factor of 323 and 459.
17
What is the highest common factor of 1426 and 81902?
62
What is the greatest common divisor of 76 and 2218?
2
What is the highest common factor of 336 and 45516?
12
Calculate the highest common factor of 2771262 and 338.
338
Calculate the greatest common divisor of 27 and 32229.
9
What is the highest common divisor of 30688 and 3?
1
Calculate the highest common divisor of 148 and 12250922.
74
Calculate the highest common divisor of 181519 and 13.
13
Calculate the greatest common factor of 132888 and 1500.
12
What is the highest common factor of 473 and 94256?
43
What is the highest common factor of 1968 and 4336160?
656
Calculate the greatest common divisor of 19 and 4851612.
19
Calculate the greatest common divisor of 188646 and 138.
138
What is the highest common factor of 12127 and 10860?
181
Calculate the highest common divisor of 8253 and 2205.
63
Calculate the greatest common divisor of 3486 and 1722.
42
What is the greatest common divisor of 40 and 1192?
8
Calculate the greatest common factor of 448 and 668864.
448
Calculate the highest common factor of 31 and 5363.
31
Calculate the highest common divisor of 1279985 and 35.
35
Calculate the highest common divisor of 74600 and 117122.
746
What is the greatest common divisor of 33415 and 82?
41
Calculate the greatest common divisor of 54460 and 1060.
20
Calculate the highest common divisor of 34 and 12375609.
17
Calculate the greatest common divisor of 1547928 and 8.
8
What is the greatest common divisor of 1 and 35750?
1
What is the greatest common divisor of 132 and 149226?
66
Calculate the highest common factor of 399 and 4123.
133
What is the highest common factor of 13149 and 400314?
1461
What is the greatest common factor of 2 and 46831?
1
Calculate the greatest common factor of 10 and 381570.
10
What is the greatest common divisor of 111547 and 337?
337
What is the greatest common divisor of 335 and 18559?
67
What is the highest common factor of 496 and 205902?
62
What is the highest common factor of 144 and 74394?
18
Calculate the highest common divisor of 546 and 7462.
182
Calculate the greatest common factor of 12 and 11652.
12
What is the highest common divisor of 201828 and 363?
363
What is the greatest common divisor of 247 and 8333?
13
What is the greatest common factor of 505